
Convert -1666244 (base 7) to base 5.
-30010320
What is 543709 (base 11) in base 13?
245508
15244422 (base 6) to base 15
a879e
Convert b407f (base 16) to base 9.
1343471
What is -110637 (base 10) in base 13?
-3b487
Convert 168dca4 (base 14) to base 15.
e9471b
-150256 (base 7) to base 5
-1411301
What is b9d (base 16) in base 8?
5635
What is 236d7a (base 16) in base 3?
11100221220002
Convert 221213222103 (base 4) to base 13.
2350041
What is 18a63 (base 11) in base 15?
7d13
Convert -9ba5d7 (base 15) to base 11.
-4212567
Convert -15033430 (base 7) to base 11.
-890055
Convert -120011333310 (base 4) to base 11.
-3624357
354401 (base 12) to base 4
3101121001
-2223001012 (base 4) to base 11
-439316
Convert 61441 (base 13) to base 2.
101010100011010100
Convert 840419 (base 10) to base 5.
203343134
-2442532 (base 6) to base 16
-1fcb8
What is -1343366 (base 7) in base 14?
-492a6
Convert 3692b4 (base 15) to base 10.
2612869
Convert 54b04 (base 12) to base 7.
645025
11033033 (base 5) to base 8
273422
What is 28174 (base 11) in base 15?
bd57
-4a716 (base 14) to base 13
-650b2
-346cc0 (base 16) to base 9
-6415817
What is -7750a1 (base 11) in base 4?
-10231322002
What is 1304232143 (base 5) in base 16?
30c413
What is -9a536 (base 15) in base 13?
-142389
11020022201 (base 3) to base 15
19a61
Convert 25024304 (base 6) to base 9.
1443804
What is 2311142311 (base 5) in base 16?
4f01e7
-17473 (base 10) to base 8
-42101
2413436 (base 7) to base 8
1126003
Convert -6e648 (base 15) to base 13.
-c4541
Convert -13fa83 (base 16) to base 5.
-313344230
85ca (base 13) to base 2
100100010011011
Convert -101220112122 (base 3) to base 9.
-356478
Convert 112664 (base 10) to base 16.
1b818
What is 1311142431 (base 5) in base 13?
88ba40
What is 563412 (base 7) in base 4?
120111123
What is 132132212 (base 4) in base 9?
210218
11330002 (base 4) to base 3
1020100211
What is 281551 (base 9) in base 14?
46850
What is -16a8258 (base 11) in base 16?
-2c2d7e
What is 55850 (base 9) in base 10?
37143
-605047 (base 8) to base 13
-6c898
2512525 (base 7) to base 14
8584c
What is 3174574 (base 8) in base 13?
23a049
What is 454382 (base 12) in base 16?
10e212
-53a500 (base 12) to base 14
-2668da
355010 (base 6) to base 10
30894
-978b9b (base 15) to base 13
-1659734
What is -5b17308 (base 12) in base 4?
-1003201113320
-20210212212 (base 3) to base 13
-49028
Convert -21000000212 (base 3) to base 2.
-100001101001001100
452222504 (base 6) to base 7
126645541
-1100011011010001101011 (base 2) to base 3
-20010111101100
563e (base 16) to base 2
101011000111110
-10020111012012 (base 3) to base 14
-32b7ca
What is 6818582 (base 10) in base 4?
122000230112
What is -39102 (base 13) in base 2?
-11001110010011011
55b97 (base 14) to base 5
23124324
What is -331232332 (base 4) in base 5?
-31042422
Convert 84b97 (base 12) to base 16.
2a9a3
601443 (base 13) to base 16
22099e
What is -7224f (base 16) in base 3?
-212202100010
-59b77 (base 14) to base 5
-24002122
What is -1111100111111011010110 (base 2) in base 14?
-788862
What is 176879 (base 10) in base 7?
1334453
Convert -1123ab (base 13) to base 7.
-3304312
Convert 1444130 (base 10) to base 15.
1d7d55
What is 13742a (base 11) in base 16?
34717
Convert -12411450 (base 7) to base 14.
-215660
-33d34 (base 15) to base 7
-1254655
What is -340370 (base 10) in base 14?
-8c082
What is -1d935 (base 16) in base 15?
-25d61
Convert 9538428 (base 11) to base 6.
1400102033
Convert 231113121 (base 4) to base 7.
1402512
2210010010 (base 3) to base 5
3223014
What is ab5557 (base 12) in base 10?
2725843
What is -100000000000100111001011 (base 2) in base 16?
-8009cb
What is -793ab6 (base 15) in base 4?
-112010003310
-15666 (base 8) to base 5
-211334
Convert 6cc4a (base 14) to base 15.
53b7c
Convert 20202211221011 (base 3) to base 5.
1410132043
Convert 115603 (base 7) to base 15.
644a
466121 (base 7) to base 14
22748
Convert 31bc8 (base 16) to base 8.
615710
-10000033230 (base 4) to base 8
-4001754
What is -3e93b (base 15) in base 16?
-311f6
Convert -332210021 (base 4) to base 15.
-50de5
718939 (base 12) to base 6
102034113
-10726723 (base 8) to base 6
-122041135
-210201332 (base 4) to base 3
-21121020212
Convert 174a679 (base 12) to base 8.
22327475
Convert -1394483 (base 11) to base 9.
-4445652
Convert -326526 (base 8) to base 16.
-1ad56
Convert -100511351 (base 6) to base 4.
-12203331103
What is 8b382 (base 13) in base 11?
163314
42112443 (base 5) to base 3
122200012012
-334042 (base 8) to base 9
-181503
-25742d (base 15) to base 5
-424441233
Convert -33341351 (base 6) to base 13.
-29413c
1d106 (base 14) to base 13
27a78
-5241533 (base 6) to base 14
-68a1b
What is 123053531 (base 6) in base 10?
2386783
What is 3a45c (base 16) in base 14?
62dac
What is 46523431 (base 7) in base 14?
786818
What is -1422582 (base 11) in base 13?
-67957a
10010101001010111110100 (base 2) to base 14
913508
What is -1010000110000110 (base 2) in base 15?
-c3ba
What is 11110111111000110 (base 2) in base 13?
459cc
1a711 (base 12) to base 9
58484
-177603a (base 12) to base 2
-10010101000001110101110
Convert -2103220323 (base 4) to base 8.
-2235073
What is -222023020 (base 4) in base 8?
-521310
Convert 60884a (base 12) to base 16.
1702ba
310631 (base 10) to base 5
34420011
Convert -104be (base 16) to base 6.
-1233010
Convert 205aa7 (base 12) to base 14.
d3127
306512 (base 7) to base 2
1100110111111101
-32ab6 (base 13) to base 16
-1670c
Convert 121541343 (base 6) to base 4.
20320332333
Convert 31b009 (base 15) to base 4.
21001212330
Convert -100101000101100 (base 2) to base 10.
-18988
-897c (base 13) to base 6
-224520
What is -10325325 (base 7) in base 4?
-3113000013
Convert 3373531 (base 8) to base 11.
575741
-152596 (base 10) to base 11
-a4714
Convert 32b883b (base 12) to base 14.
140674b
-87328 (base 14) to base 5
-40432120
Convert -d7a39 (base 14) to base 15.
-a43d7
What is -332331320 (base 6) in base 2?
-10110111000101110100000
-247077 (base 8) to base 7
-504316
Convert 501010423 (base 6) to base 2.
100000001110000011101111
What is -2712508 (base 10) in base 6?
-134045524
What is -1110001101010010011111 (base 2) in base 6?
-211454451
Convert 1014410 (base 5) to base 16.
41d7
-1101211111 (base 3) to base 6
-331404
-1c567b (base 15) to base 12
-569768
What is 753a7 (base 12) in base 4?
211223233
Convert 18457a3 (base 11) to base 5.
1300014043
What is 10001110100101011100101 (base 2) in base 3?
22210101002112
What is -1000110111000000001 (base 2) in base 3?
-112202020001
What is 101401 (base 13) in base 2?
1011011010110010111
Convert -3202c1 (base 16) to base 13.
-8a9a6a
d20c0 (base 14) to base 7
4202330
What is 1a883b (base 12) in base 5?
110034330
What is -4834924 (base 10) in base 15?
-657884
What is 70802 (base 14) in base 3?
111202000212
Convert -272bb2 (base 12) to base 10.
-647990
Convert -27589 (base 16) to base 2.
-100111010110001001
What is 36716247 (base 8) in base 12?
286811b
What is 9c9c0 (base 15) in base 3?
221022120200
Convert 732124 (base 10) to base 11.
460068
-579005 (base 11) to base 15
-1327a1
Convert a72069 (base 14) to base 8.
25440375
Convert 7245d (base 14) to base 16.
43343
Convert -31004 (base 5) to base 2.
-11111010100
Convert 3244699 (base 10) to base 8.
14301233
Convert 1222474 (base 8) to base 9.
563510
1220202011120 (base 3) to base 11
636272
101111111101011101 (base 2) to base 15
3d315
Convert -2010101102111 (base 3) to base 13.
-307180
Convert 17534822 (base 9) to base 4.
201221231000
What is -505a8 (base 12) in base 13?
-38768
What is 1961db9 (base 14) in base 7?
212101622
Convert 1466 (base 15) to base 9.
5886
What is 1101022001102 (base 3) in base 6?
23422445
-132a75 (base 11) to base 4
-303000200
370406 (base 9) to base 13
7a8bc
8d8e5b (base 16) to base 14
1336ba3
What is -243898 (base 12) in base 15?
-b8e25
-2144051 (base 6) to base 16
-1a29f
16b8c23 (base 14) to base 7
164140643
6c88 (base 13) to base 7
62446
What is -220785 (base 9) in base 13?
-48035
1001102221 (base 3) to base 16
50fe
-6370 (base 10) to base 8
-14342
What is -21013202121 (base 4) in base 12?
-973249
122012221000221 (base 3) to base 10
9151162
Convert -443c09 (base 14) to base 4.
-20311110201
What is 11001010011010011000100 (base 2) in base 15?
8b0364
What is 102302 (base 8) in base 7?
201041
